) - 1?
-24
What is the value of -3 + -3 + 2 - (10 - (-14 - -22))?
-6
-1 - (-4 - (0 - 2) - (-244 + 242))
-1
What is 0 + 0 - 5 - (-25 - (5 - 4))?
21
-41 + (45 - 41) + 6
-31
Evaluate 25 + -20 + (10 - (5 - 0)).
10
-15 + -6 + (-23 - -58)
14
What is the value of -4 - (5 + 0 - (6 - (26 - 19)))?
-10
What is -1 + 11 - (-2 + -2 + -1 + 4)?
11
What is (-6 - -5 - 2 - -8) + -15 + 6?
-4
What is (-32 - -29) + (34 - 24)?
7
Calculate 26 + (3 - 10) - 6.
13
Calculate -9 - (6 + -4 + 11 + -34).
12
What is the value of -75 + 86 + 10 + (2 - -1)?
24
What is -2 - (-9 + 7 - 3 - 1)?
4
What is the value of -1 + -8 + 2 + 19 + -6 + 4?
10
What is the value of 5 + (0 - 3) - 9 - 4?
-11
(-99 - -103) + 1 + 2 - (-3 + -16)
26
Calculate (3 - (-1 - 2 - -12)) + (-10 - -9).
-7
Evaluate 6 - (-8 + 2 + 4 + 12).
-4
Evaluate 6 + 1 + (-30 - -22) + -6.
-7
Calculate (-21 - (-10 + 7)) + (1 - -1).
-16
What is the value of -5 - (-31 + 29 - (-5 + 1 + -5))?
-12
What is -14 + -2 + 24 + 10 + -6 + -5?
7
What is the value of (-2 - -6 - 19 - (-3 + -1)) + 2?
-9
What is -18 + -7 + 16 + 1 + -4?
-12
260 + -261 - (-8 - 1 - (-1 - 1))
6
Calculate (54 - 51) + 2 + 2.
7
What is the value of (-96 - -96 - (-2 + 0 + 2)) + 4?
4
What is 6 - (10 - (3 + 3 + -3))?
-1
(0 - 0) + 1 - (50 - 57)
8
What is the value of 14 - (7 + -5 - (2 + -8) - -2)?
4
-23 + (-12 - -9 - (-7 - 2))
-17
Calculate -3 + (-13 - (9 + -4 - 9)).
-12
Calculate 10 + -29 + 10 - -16 - (4 + -3).
6
What is (-16 - -22) + (3 - 2 - (17 - -4))?
-14
What is 1 - ((-12 - (-2 - 2)) + 5)?
4
Evaluate 11 + -14 + -7 + 12 + 2 + 13.
17
What is the value of -7 - (1 + -2 + -8) - (0 - 6)?
8
Calculate 2 + 12 + 1 + (-9 - -2).
8
Calculate (2 - 7) + 8 + (3 - -18).
24
Calculate -10 + 22 + -8 + 2.
6
2 - (-6 - -11 - (0 + (2 - -5)))
4
10 + (-27 - -18) - -1
2
What is the value of 27 + -7 - 10 - 3 - -2?
9
What is the value of 1 + (-2 - -1) + (39 - 44)?
-5
Calculate 12 + (9 + -8 - 49) + 14.
-22
Evaluate 697 + -678 - (-3 - -1).
21
What is the value of 22 + 3 + -12 + -17?
-4
Calculate (5 - (-3 + 6 + 8)) + 8.
2
What is -2 + (-26 - (-2 + -8 + -4))?
-14
5 - (-2 + (-3 - -1 - -11) - 12)
10
Evaluate 15 + (0 - -2) + (250 - 257).
10
15 - (24 + 13 - 4)
-18
Calculate (-33 - (-56 - -27)) + 38.
34
What is the value of (157 - 146) + -1 + -21?
-11
What is the value of (-37 - -51) + (0 - 3)?
11
7 + -14 + (3 + -3 - (1 - 1))
-7
What is the value of -13 + 24 + (-2 + 10 - 12)?
7
Evaluate -1 - 7 - (1 + 3 - 22 - -6).
4
Evaluate -1 - 13 - (-2 - (-7 + (7 - -3))).
-9
What is the value of (-3 - (-6 - 1 - (-2 + -2))) + 3?
3
Calculate 6 + (-1 - 0) + (24 - (6 + 9)).
14
What is (-4 - -1) + -15 + (0 - -19)?
1
(-27 - -33) + (-2 - 18) - (7 - 7)
-14
What is the value of 1 + 12 + -73 + 59?
-1
What is the value of 326 + -355 + 10 + 2?
-17
Calculate 0 + -3 + -1 + -1 - (76 + -102).
21
Evaluate -6 - 3 - (-102 - -81).
12
9 + (-9 - (8 - -3))
-11
313 + -312 + (1 - (5 - 0 - -1))
-4
Evaluate (36 + -22 - 12) + 2 + 7.
11
What is -3 + (-2 + -4 - -16) - (11 + 3)?
-7
What is -4 + 3 + (33 - 41)?
-9
(313 - 299) + -1 + -1 + -2 + 7
17
(-4 - (-2 + 17 - 15)) + -2
-6
What is the value of (12 - 30) + 3 + 36?
21
Evaluate (-4 - 0) + -15 + -7 + 8.
-18
What is -1 - (-31 + 7 + (-20 - -28))?
15
Calculate 24 - -1 - (-2 - (15 + -23)).
19
32 - (14 - -21 - 16)
13
Evaluate (-6 + 1 - (24 + -20)) + 10.
1
-40 + 31 - -8 - (1 - -2 - 0)
-4
4 + (-5 - -4 - (25 + -28))
6
(48 - (-12 + 54)) + 12
18
What is the value of -2 + 31 + (-213 - -193)?
9
Evaluate (4 - 4) + (12 - 3).
9
What is (3 - -2 - 4) + (-21 - -20) + 11?
11
-31 + 8 + 11 - -18
6
Calculate -6 + (-8 - 0 - -2) + -11.
-23
Calculate 31 + (-9 - -18 - -2) + -9 - 4.
29
Evaluate -19 + (6 - (-5 + 7)).
-15
(7 - 23) + 15 - (-4 + 2)
1
-1 - 2 - (-2 - (2 - (-2 - -6)))
-3
What is the value of (-9 - -6) + 71 + -47?
21
24 + -13 - (47 - 28)
-8
Calculate 5 + (8 + -18 - (-3 - -13)).
-15
What is the value of -19 - (1 - 2 - (-18 - -22))?
-14
Evaluate 5 + 2 + -19 - -10.
-2
What is 0 - -3 - (-14 - -8 - -2) - -4?
11
1 + 3 - -16 - (-11 - (-7 - 9))
15
-3 + -19 + -162 + 163
-21
What is 2 + 4 + (109 - 140) + 5 + 1?
-19
What is -29 - (-5 + (1 - 2) - 1) - -6?
-16
What is -4 + 8 + (0 - 0) - (7 - 5)?
2
What is (21 - 14 - (-7 - 0)) + 1 + 5?
20
Evaluate -5 + 5 + (1 - -3) - (-36 - -30).
10
-4 + 25 - ((-17 - -33) + -5)
10
Calculate -29 + 47 - (-6 + 13).
11
Calculate -4 + 13 - (263 + -252).
-2
What is -11 + (9 - (4 - (10 + -9)))?
-5
What is 44 - (-3 - -2) - (-121 + 48 - -79)?
39
What is 9 - (11 - 10) - 11 - (-8 + -1)?
6
What is the value of -1 - (-4 - -1) - (116 + -116)?
2
What is the value of 7 + -10 - 2 - 3 - 1?
-9
Evaluate 3163 + -3129 + (2 - 0).
36
Calculate -4 + (-6 - 1 - 4).
-15
Calculate -4 + (5 - -6) - (-10 + 7 + -8).
18
Calculate 2 + -13 - (10 - 22).
1
Evaluate (-15 - -15) + (-6 - (-7 + 10)).
-9
-3 - (1 + 1) - (24 - (11 - -4))
-14
Evaluate 5 + -4 + (-16 - -26).
11
Calculate 30 - (0 + -14 + -1 - (-877 - -865)).
33
Evaluate (5 - 0) + 11 + (-17 + 4 - -2).
5
-3 + -9 + 16 + 3
7
What is the value of 2 - (-5 + (2 - 17) + 10)?
12
Evaluate 3 + (-7 - (-3 - -3)) - (4 + -2).
-6
Evaluate (0 - -16) + 38 + -90 + 55.
19
What is (-2 - 2 - -3) + (-2 - -27) + -14?
10
What is the value of -1 - 6 - (81 + -101)?
13
What is -8 + -8 + -2 + 50 + -27?
5
-8 + (9 - -9) - (-2 + 2)
10
What is 11 - (12 - 12 - 16)?
27
What is the value of (-9 - (-14 - 1)) + (-2 - (-2 + -14))?
20
Evaluate (5 - (-10 + 8)) + 0 - 6.
1
2 + 0 + (-32 - -22) + 11 + -2
1
Calculate (1 - -6) + -14 - (31 + -30).
-8
What is 8 + (3 - 6 - -5) + -4 + 3?
9
What is the value of (-2 + -9 - -5 - -6) + -1 + -7?
-8
Calculate (-16 + -6 + -5 - -2) + 12.
-13
What is -1 - (2 - -8) - 1 - (19 + -18)?
-13
Calculate 5 - (7 + (-5 - 11) - 3).
17
Calculate (-2 - 6) + (-220 - -215) - (13 - 2).
-24
Calculate -28 - (-3 + -16) - -28.
19
What is the value of -93 + 39 + 24 - -38?
8
What is the value of -31 - ((9 - (-7 - -28)) + 6 + -2)?
-23
What is the value of (27 - 74) + -2 + 4 + 0 + 6?
-39
Evaluate -3 - (14 + (5 + (-4 - 6) - 1)).
-11
Evaluate -14 + -4 + 5 + 19 + -14.
-8
What is -6 + -2 + 4 + 1 - (2 + -3)?
-2
Calculate -27 + (-2 - -11) + 8.
-10
What is -4 - (-1 + 1 + (-24 - -53 - 33))?
0
What is the value of -135 + 129 - ((0 - 1 - 18) + 2)?
11
-1 + 3 - (-1 + 2) - (-710 + 703)
8
Evaluate -12 - (-1 + 2) - (-11 - -5) - 4.
-11
-1365 - -1397 - (1 + 27)
4
What is -5 + 20 + (8 - 16) - -7?
14
Evaluate -18 + -22 + 51 - (-4 - 2).
17
Evaluate 0 - -6 - (-7 - -8 - -8).
-3
What is the value of -1 + 14 + (1493 - 1506)?
0
What is -5 + (-7 - -9 - -4) + -2?
-1
(6 - -1) + (37 - 29)
15
What is (3 - 2) + -30 + -13 + 30 + -12?
-24
What is -11 + (13 - 20) + -1 - -10?
-9
(-29 + 77 - 67) + (-12 - (-4 - -2))
-29
What is (7 - 19) + (-4 - -12 - 5)?
-9
Calculate -8 - ((18 - 11 - (-4 - -3)) + -10).
-6
Evaluate 8 + 3 + 7 + -7.
11
(-119 + 60 - -58) + (0 - 9)
-10
-7 + 1 - (-2043 + 2060)
-23
(0 - 6) + 4 + -3 + -3
-8
What is 4 + (3 - (-23 - -18))?
12
What is the value of -7 + (10 - 16) - (-5 - 24)?
16
Calculate -18 + 2 + 0 - (-1012 - -1021).
-25
What is the value of 12 - (6 - -3) - (3 - -6)?
-6
What is the value of (-7 + -3 - 7) + 50 + -38?
-5
-2 + -22 - (-52 + 48)
-20
What is 16 - (2 + -3 - -3)?
14
Evaluate -2 + (-4 + -7 - (-15 - -29)).
-27
Calculate 4 + -13 + (-56 - -54).
-11
What is 0 - 12 - (-7 - -2) - 7 - -10?
-4
Evaluate -1 + -4 - (-4 + 9 - 8) - -6.
4
Evaluate 9 + -13 + 15 + (20 + 3 - 3).
31
Evaluate 7 + -40 + 51 + (-5 - -2).
15
8 + -7 + (-3 - (-13 - -3)) + -14
-6
-2 - (17 - 14 - (5 - 0))
0
-13 - (-32 + 13) - (1 - -12)
-7
What is the value of -2 - 5 - (-12 - -10 - 10 - -9)?
-4
Calculate 10 - (11 + -11) - (-14 + 2).
22
What is 13 - -2 - -1 - (-642 - -633)?
25
Calculate 11 + (1 - (4 + (6 - (-6 + 12)))).
8
Evaluate (0 - ((1 - 0) + (1 - -3))) + -5.
-10
What is 7 - ((-58 - -75) + (-2 - -2) + 2)?
-12
2 + 10 + -1 + -19
-8
What is -20 + 9 + -18 - -54?
25
Calculate 15 + 19 + -36 - (3 + -28).
23
What is -1 + (1 - -2) + -4 + -8 + 6?
-4
What is 0 - (-2 - -6 - (-7 - -4) - -3)?
-10
Calculate -22 - (-25 + 19 - (6 + -1)).
-11
19 - (2 + -14 + 25)
6
Evaluate 11 + -9 - 8 - -3.
-3
Calculate (-36 - -46) + 28 - 21.
17
What is (12 + -8 - 12) + -4?
-12
What is the value of -3 + (8 - 1) + -1 + -9 + 2?
-4
Calculate 3 + 27 + -4 + -29.
-3
-9 - (-8 + 25 + -14)
-12
What is the value of -25 + (29 - 11) + (-5 - 3)?
-15
(0 - 1) + -13 + -4 - -8 - 21
-31
Calculate -15 + 8 + 